{"id":447,"date":"2015-11-14T16:51:58","date_gmt":"2015-11-14T15:51:58","guid":{"rendered":"http:\/\/www.scope-europe.de\/?page_id=447"},"modified":"2015-11-14T17:31:23","modified_gmt":"2015-11-14T16:31:23","slug":"planung-bauleitung","status":"publish","type":"page","link":"http:\/\/www.scope-europe.de\/?page_id=447","title":{"rendered":"Planung \/ Bauleitung"},"content":{"rendered":"<h3>ROHRLEITUNGEN UND KRAFTWERKSKOMPONENTEN<\/h3>\n<p>BBC, MANNHEIM<br \/>\nPlanung von erdbebensicheren Anlagenteilen (Notstromdieselgeb\u00e4ude) sowie Erstellung von Isometrien, Rohrleitungspl\u00e4nen und Unterst\u00fctzungskonstruktionen incl. der statischen und dynamischen Berechnung. Projekt: KKW M\u00fclheim-K\u00e4rlich<\/p>\n<p>W + G. ESSER, BOCHUM<br \/>\nRohrunterst\u00fctzungskonstruktionen und Rohrleitungsdokumentationen. Erstellen von Rohrleitungspl\u00e4nen sowie Spezifikationen f\u00fcr Rohrleitungen, Pumpen und W\u00e4rmetauscher.<br \/>\nProjekt: KKW Gundremmingen<\/p>\n<p>KOPPERS, ESSEN<br \/>\nErweiterung der Esso Raffinerie, K\u00f6ln, Off-Sites und On-Sites<\/p>\n<p>GHH, OBERHAUSEN<br \/>\nProjektierung und Erstellung von Konstruktionen f\u00fcr Gipsherstellung<\/p>\n<p>TH. GOLDSCHMIDT, ESSEN<br \/>\nPlanung als Teil einer Chemieanlage zur eigenen Anlagenerweiterung<br \/>\nBoehringer, Ingelheim<br \/>\nAufstellungs- sowie Detailplanung f\u00fcr Produktleitungen des Wirkstoffbetriebes Standardisierung von Kraftwerksanlagen, KKW Biblis<\/p>\n<p>DEUTSCHE BABCOCK AG, OBERHAUSEN<br \/>\nPlanung und Konstruktion f\u00fcr Offshore-Kraftwerk<br \/>\nProjekt: MOK-EPOS<\/p>\n<p>DEUTSCHE BABCOCK ANLAGENBAU AG, KREFELD<br \/>\nErstellung von Genehmigungsunterlagen f\u00fcr die Rauchgasentschwefelungsanlage GK West I und II sowie Grobplanung einschl. Stellung der Projektleitung f\u00fcr vorgenanntes Projekt.<br \/>\nErstellung von Genehmigungsunterlagen f\u00fcr die Rauchgasentschwefelungsanlage L\u00fcnen K10 und K11 sowie Grobplanung einschl. Stellung der Projektleitung.<br \/>\nErstellung von Genehmigungsunterlagen f\u00fcr die Rauchgasentschwefelungsanlage Herne 1,2 und 3 sowie Grobplanung einschl. Stel-lung der Projektleitung f\u00fcr vorgenanntes Pro-jekt.<br \/>\nErstellung von Genehmigungsunterlagen f\u00fcr die Rauchgasentschwefelungsanlage Walsum 7 und 9 sowie Grobplanung einschl. Stellung der Projektleitung f\u00fcr vorgenanntes Projekt.<\/p>\n<p>H\u00d6LTER GMBH, GLADBECK<br \/>\nKomplette Projektierung der REA 1 und 2 f\u00fcr KW Heyden 4.<br \/>\nErstellung von Anfrageunterlagen einschlie\u00df-lich Pr\u00fcfung der Subunternehmer.<br \/>\nFertigungsplanung mit Unterlagen, d.h. Fer-tigungsisometrien, Unterst\u00fctzungen und zu-geh\u00f6rige St\u00fccklisten.<br \/>\nEngineering incl. verfahrensm\u00e4\u00dfiger Ausle-gung der gesamten REA Reuter West sowie der Erstellung von Anfrageunterlagen und der technischen Beratung bei der Auswahl von Subunternehmern.<br \/>\nNachweise f\u00fcr durchgef\u00fchrte Planung. Pro-jektierung der Anlagenteile in fertigungsge-rechter Ausf\u00fchrung.<\/p>\n<p>KRAFTANLAGEN AG, HEIDELBERG, NDL Hamburg<br \/>\nPlanung und Montage der Sprinkleranlage der Kreissparkasse Altenkirchen.<\/p>\n<p>VOM HAGEN, BOCHUM<br \/>\nGrob- und Fertigungsplanung f\u00fcr das Kraft-werk Marl (BASF) f\u00fcr die Erweiterung der Anlage hinsichtlich der Errichtung einer Rauchgasentschwefelungsanlage.<br \/>\nGrob- und Fertigungsplanung f\u00fcr das Kraft-werk Walsum (Steag) im Hinblick auf die<\/p>\n<p>Bayer, Leverkusen<br \/>\nRohrleitungskonstruktion im Bereich der Aufstellungs- sowie Detailplanung f\u00fcr den Farbenbetrieb mit Istaufnahme vor Ort<\/p>\n<p>Bayer, Dormagen<br \/>\nRohrleitungskonstruktion als Fertigungsplanung f\u00fcr die Granulatanlage der Pflanzenschutzherstellung<\/p>\n<p>BABCOCK BROWN BOVERI-REAKTOR GMBH, MANNHEIM<br \/>\nUnterlagenerstellung f\u00fcr Baugenehmigung KKW Neupotz. Bauplanung, Abwicklung, \u00c4nderung sowie Kosten- und Terminkontrolle. \u00dcberpr\u00fcfung von statischen Berechnungen und Rohrunterst\u00fctzungen.<\/p>\n<p>MANNESMANN ANLAGENBAU AG, D\u00dcSSELDORF<br \/>\nErstellen von Isometrien, sowie Konstruktionsarbeiten f\u00fcr das Kraftwerk KKW-G\u00f6sgen-D\u00e4niken, Schweiz.<br \/>\nRohrstatische Berechnungen f\u00fcr KKW-Rohrleitungen und Halterungen. Konstruktion von Kraftwerkskomponenten: Sammler, Halterungen usw. Unterst\u00fctzungskonstruktionen, Projekt: Kardia S.E.S.<br \/>\nStatische, dynamische Rohrleitungsberechnungen nach ASME III, Projekt: KKW Kalkar SNR 300<\/p>\n<p>ARG-MINERAL\u00d6LBAU, RATINGEN<br \/>\nEngineering incl. verfahrensm\u00e4\u00dfiger Auslegung sowie der Dokumentation und der Erstellung der Betriebshandb\u00fccher f\u00fcr das Kraftwerk GKW Weser, Veltheim.<\/p>\n<p>LURGI GMBH, FRANKFURT<br \/>\nKomplette Projektierung der Gipsentw\u00e4sserung f\u00fcr KW Heyden 4 f\u00fcr REA 1 und 2 incl. der Massenermittlung sowie des Detailengineerings.<br \/>\nKomplette Projektierung der Gipsentw\u00e4sserung f\u00fcr KW Reuter West der Bl\u00f6cke D und E einschl. der Massenermittlung und der Dokumentation in Verbindung mit der KKS-Nummerierung, unter Ber\u00fccksichtigung s\u00e4mtlicher anlagenspezifischer Dokumen- tationsunterlagen wie Flie\u00dfbilder, Beh\u00e4lter- und Stahlbauzeichnungen sowie s\u00e4mtlicher Aggregate (Pumpen, Gebl\u00e4se etc.).<\/p>\n<p>BASF AG, LUDWIGSHAFEN<br \/>\nFertigungsplanung f\u00fcr Kraftwerksausbau hinsichtlich einer REA-Neuerstellung des Kraftwerks KW Marl.<br \/>\nFertigungsisometrierung mit Voraberstellung von Berechnungsisometrien, Erstellung von Unterst\u00fctzungszeichnungen incl. zugeh\u00f6riger St\u00fccklisten, Federh\u00e4ngerauslegung und Dimensionierung der Unterst\u00fctzungen in statischer Hinsicht.<\/p>\n<p>KRANKENHAUS ZEHLENDORF, BERLIN<br \/>\nVerfahrensm\u00e4\u00dfige Auslegung des gesamten Kesselhauses mit konstruktiver Gestaltung sowie Erstellung eines Leistungsverzeichnisses als Ausschreibungsunterlage.<\/p>\n<p>KRAFTANLAGEN AG, HEIDELBERG<br \/>\nProjekt: M\u00fcllverbrennungsanlage Leverkusen<br \/>\nEinbindung des dritten Kesselhauses in die vorhandene Anlage. Komplette konstruktive Planung. Statische und dynamische Nach-KW-Bl\u00f6cke 6 und 8 und deren Verbindungsleitungen. Formst\u00fcckkonstruktionen f\u00fcr MD- und ND-Leitungen.<br \/>\nErstellung von Isometrien und Unterst\u00fctzungszeichnungen f\u00fcr das KW GO-Werk.<br \/>\nKomplettfertigungsplanung der MD\/ND-Rohrleitungssysteme des Kraftwerkes Leuna<\/p>\n<p>Metz Mannheim GmbH, Mannheim<br \/>\nBaustellenplanung f\u00fcr die Erd\u00f6l-Chemie hinsichtlich der Machbarkeit von s\u00e4mtlichen projektierten Rohrleitungssystemen.<br \/>\nVerfahrensm\u00e4\u00dfige Auslegung und Konstruktion von Kavernenprojekten in Saudi-Arabien und Venezuela. \u00dcbernahme der Bauleitung f\u00fcr den rohrleitungstechnischen Teil.<\/p>\n","protected":false},"excerpt":{"rendered":"<p>ROHRLEITUNGEN UND KRAFTWERKSKOMPONENTEN BBC, MANNHEIM Planung von erdbebensicheren Anlagenteilen (Notstromdieselgeb\u00e4ude) sowie Erstellung von Isometrien, Rohrleitungspl\u00e4nen und Unterst\u00fctzungskonstruktionen incl. der statischen und dynamischen Berechnung. Projekt: KKW M\u00fclheim-K\u00e4rlich W + G. ESSER, BOCHUM Rohrunterst\u00fctzungskonstruktionen und Rohrleitungsdokumentationen. Erstellen von Rohrleitungspl\u00e4nen sowie Spezifikationen f\u00fcr Rohrleitungen, Pumpen und W\u00e4rmetauscher. Projekt: KKW Gundremmingen KOPPERS, ESSEN Erweiterung der Esso Raffinerie, K\u00f6ln, Off-Sites &hellip;<\/p>\n","protected":false},"author":1,"featured_media":0,"parent":0,"menu_order":2,"comment_status":"open","ping_status":"open","template":"page-nosidebar.php","meta":[],"_links":{"self":[{"href":"http:\/\/www.scope-europe.de\/index.php?rest_route=\/wp\/v2\/pages\/447"}],"collection":[{"href":"http:\/\/www.scope-europe.de\/index.php?rest_route=\/wp\/v2\/pages"}],"about":[{"href":"http:\/\/www.scope-europe.de\/index.php?rest_route=\/wp\/v2\/types\/page"}],"author":[{"embeddable":true,"href":"http:\/\/www.scope-europe.de\/index.php?rest_route=\/wp\/v2\/users\/1"}],"replies":[{"embeddable":true,"href":"http:\/\/www.scope-europe.de\/index.php?rest_route=%2Fwp%2Fv2%2Fcomments&post=447"}],"version-history":[{"count":12,"href":"http:\/\/www.scope-europe.de\/index.php?rest_route=\/wp\/v2\/pages\/447\/revisions"}],"predecessor-version":[{"id":462,"href":"http:\/\/www.scope-europe.de\/index.php?rest_route=\/wp\/v2\/pages\/447\/revisions\/462"}],"wp:attachment":[{"href":"http:\/\/www.scope-europe.de\/index.php?rest_route=%2Fwp%2Fv2%2Fmedia&parent=447"}],"curies":[{"name":"wp","href":"https:\/\/api.w.org\/{rel}","templated":true}]}}