{"id":478,"date":"2015-11-14T17:40:37","date_gmt":"2015-11-14T16:40:37","guid":{"rendered":"http:\/\/www.scope-europe.de\/?page_id=478"},"modified":"2015-11-14T17:54:57","modified_gmt":"2015-11-14T16:54:57","slug":"apparate-maschinen-und-stahlbau","status":"publish","type":"page","link":"http:\/\/www.scope-europe.de\/?page_id=478","title":{"rendered":"Apparate-, Maschinen- und Stahlbau"},"content":{"rendered":"<p>GOTTFRIED BISCHOFF KG, ESSEN<br \/>\nPlanung, Konstruktion und Detaillierung von Gasreinigungsanlagen.<\/p>\n<p>SMAG, SALZGITTER<br \/>\nStahlbaukonstruktion f\u00fcr Baustellkran<\/p>\n<p>BBC BROWN BOVERI &amp; CIE. AG, MANNHEIM<br \/>\nKonstruktion von Kraftwerksb\u00fchnen<br \/>\nProjekt: M\u00fchlheim-K\u00e4rlich<\/p>\n<p>PREUSSAG AG, HANNOVER<br \/>\nKonstruktion von Anlagen-, Apparate- und Heizungsbauvorhaben<\/p>\n<p>SIG-SALZGITTER<br \/>\nPlanung und Konstruktion von Reaktionsbeh\u00e4ltern f\u00fcr \u00c4thylenaufbereitungsanlagen<\/p>\n<p>MANNESMANN ANLAGEN AG, D\u00dcSSELDORF<br \/>\nProjektierung einer Hallenkonstruktion in konstruktiver und statischer Hinsicht des Aufbereitungsgeb\u00e4udes des Kraftwerks Herne.<\/p>\n<p>&nbsp;<\/p>\n","protected":false},"excerpt":{"rendered":"<p>GOTTFRIED BISCHOFF KG, ESSEN Planung, Konstruktion und Detaillierung von Gasreinigungsanlagen. SMAG, SALZGITTER Stahlbaukonstruktion f\u00fcr Baustellkran BBC BROWN BOVERI &amp; CIE. AG, MANNHEIM Konstruktion von Kraftwerksb\u00fchnen Projekt: M\u00fchlheim-K\u00e4rlich PREUSSAG AG, HANNOVER Konstruktion von Anlagen-, Apparate- und Heizungsbauvorhaben SIG-SALZGITTER Planung und Konstruktion von Reaktionsbeh\u00e4ltern f\u00fcr \u00c4thylenaufbereitungsanlagen MANNESMANN ANLAGEN AG, D\u00dcSSELDORF Projektierung einer Hallenkonstruktion in konstruktiver und statischer &hellip;<\/p>\n","protected":false},"author":1,"featured_media":0,"parent":0,"menu_order":3,"comment_status":"open","ping_status":"open","template":"page-nosidebar.php","meta":[],"_links":{"self":[{"href":"http:\/\/www.scope-europe.de\/index.php?rest_route=\/wp\/v2\/pages\/478"}],"collection":[{"href":"http:\/\/www.scope-europe.de\/index.php?rest_route=\/wp\/v2\/pages"}],"about":[{"href":"http:\/\/www.scope-europe.de\/index.php?rest_route=\/wp\/v2\/types\/page"}],"author":[{"embeddable":true,"href":"http:\/\/www.scope-europe.de\/index.php?rest_route=\/wp\/v2\/users\/1"}],"replies":[{"embeddable":true,"href":"http:\/\/www.scope-europe.de\/index.php?rest_route=%2Fwp%2Fv2%2Fcomments&post=478"}],"version-history":[{"count":1,"href":"http:\/\/www.scope-europe.de\/index.php?rest_route=\/wp\/v2\/pages\/478\/revisions"}],"predecessor-version":[{"id":479,"href":"http:\/\/www.scope-europe.de\/index.php?rest_route=\/wp\/v2\/pages\/478\/revisions\/479"}],"wp:attachment":[{"href":"http:\/\/www.scope-europe.de\/index.php?rest_route=%2Fwp%2Fv2%2Fmedia&parent=478"}],"curies":[{"name":"wp","href":"https:\/\/api.w.org\/{rel}","templated":true}]}}