{"id":481,"date":"2015-11-14T17:43:48","date_gmt":"2015-11-14T16:43:48","guid":{"rendered":"http:\/\/www.scope-europe.de\/?page_id=481"},"modified":"2015-11-14T17:56:23","modified_gmt":"2015-11-14T16:56:23","slug":"hoch-und-tiefbau","status":"publish","type":"page","link":"http:\/\/www.scope-europe.de\/?page_id=481","title":{"rendered":"Hoch- und Tiefbau"},"content":{"rendered":"<p>Dr. C. OTTO, BOCHUM<br \/>\nBaustatische Berechnungen, Fundament- und Bewehrungspl\u00e4ne<\/p>\n<p>MANNESMANN ANLAGENBAU AG, D\u00dcSSELDORF<br \/>\nBauplanung im Bereich Wasseraufbereitung<\/p>\n<p>KRAFTANLAGEN AG, HEIDELBERG<br \/>\nAufnahme der baulichen Gegebenheiten vor Ort im VW Werk Hannover , anschlie\u00dfende Ermittlung des Km-Wertes f\u00fcr Geb\u00e4ude und W\u00e4rmebedarfsberechnung einschl. Investitions-\/Amortisationsrechnung f\u00fcr die m\u00f6gl. Errichtung eines Heizkraftwerkes.<\/p>\n<p>DEUTSCHE BP TANKSTELLEN GMBH, ESSEN<br \/>\nErstellung von Genehmigungsunterlagen unter Zuhilfenahme von AutoCAD. Erstelltes Dokumentationsmaterial als Prinzipskizze im Bereich der Tankstellenplanung mit allen Eintragungen bzgl. Hoch-, Tief-, Apparate- und Rohrleitungsbau.<\/p>\n","protected":false},"excerpt":{"rendered":"<p>Dr. C. OTTO, BOCHUM Baustatische Berechnungen, Fundament- und Bewehrungspl\u00e4ne MANNESMANN ANLAGENBAU AG, D\u00dcSSELDORF Bauplanung im Bereich Wasseraufbereitung KRAFTANLAGEN AG, HEIDELBERG Aufnahme der baulichen Gegebenheiten vor Ort im VW Werk Hannover , anschlie\u00dfende Ermittlung des Km-Wertes f\u00fcr Geb\u00e4ude und W\u00e4rmebedarfsberechnung einschl. Investitions-\/Amortisationsrechnung f\u00fcr die m\u00f6gl. Errichtung eines Heizkraftwerkes. DEUTSCHE BP TANKSTELLEN GMBH, ESSEN Erstellung von Genehmigungsunterlagen &hellip;<\/p>\n","protected":false},"author":1,"featured_media":0,"parent":0,"menu_order":4,"comment_status":"open","ping_status":"open","template":"page-nosidebar.php","meta":[],"_links":{"self":[{"href":"http:\/\/www.scope-europe.de\/index.php?rest_route=\/wp\/v2\/pages\/481"}],"collection":[{"href":"http:\/\/www.scope-europe.de\/index.php?rest_route=\/wp\/v2\/pages"}],"about":[{"href":"http:\/\/www.scope-europe.de\/index.php?rest_route=\/wp\/v2\/types\/page"}],"author":[{"embeddable":true,"href":"http:\/\/www.scope-europe.de\/index.php?rest_route=\/wp\/v2\/users\/1"}],"replies":[{"embeddable":true,"href":"http:\/\/www.scope-europe.de\/index.php?rest_route=%2Fwp%2Fv2%2Fcomments&post=481"}],"version-history":[{"count":2,"href":"http:\/\/www.scope-europe.de\/index.php?rest_route=\/wp\/v2\/pages\/481\/revisions"}],"predecessor-version":[{"id":483,"href":"http:\/\/www.scope-europe.de\/index.php?rest_route=\/wp\/v2\/pages\/481\/revisions\/483"}],"wp:attachment":[{"href":"http:\/\/www.scope-europe.de\/index.php?rest_route=%2Fwp%2Fv2%2Fmedia&parent=481"}],"curies":[{"name":"wp","href":"https:\/\/api.w.org\/{rel}","templated":true}]}}